{"id":467,"date":"2023-12-20T15:11:07","date_gmt":"2023-12-20T14:11:07","guid":{"rendered":"https:\/\/mac.advise.fr\/?page_id=467"},"modified":"2023-12-21T10:56:00","modified_gmt":"2023-12-21T09:56:00","slug":"verriere","status":"publish","type":"page","link":"https:\/\/mac.advise.fr\/?page_id=467","title":{"rendered":"Verri\u00e8re"},"content":{"rendered":"\n<p class=\"has-text-align-center\">R\u00e9alisation d\u2019une verri\u00e8re type atelier pour la s\u00e9paration de pi\u00e8ces.<\/p>\n\n\n\n<div style=\"height:100px\" aria-hidden=\"true\" class=\"wp-block-spacer\"><\/div>\n","protected":false},"excerpt":{"rendered":"<p>R\u00e9alisation d\u2019une verri\u00e8re type atelier pour la s\u00e9paration de pi\u00e8ces.<\/p>\n","protected":false},"author":2,"featured_media":505,"parent":0,"menu_order":0,"comment_status":"closed","ping_status":"closed","template":"","meta":{"footnotes":""},"class_list":["post-467","page","type-page","status-publish","has-post-thumbnail","hentry"],"_links":{"self":[{"href":"https:\/\/mac.advise.fr\/index.php?rest_route=\/wp\/v2\/pages\/467","targetHints":{"allow":["GET"]}}],"collection":[{"href":"https:\/\/mac.advise.fr\/index.php?rest_route=\/wp\/v2\/pages"}],"about":[{"href":"https:\/\/mac.advise.fr\/index.php?rest_route=\/wp\/v2\/types\/page"}],"author":[{"embeddable":true,"href":"https:\/\/mac.advise.fr\/index.php?rest_route=\/wp\/v2\/users\/2"}],"replies":[{"embeddable":true,"href":"https:\/\/mac.advise.fr\/index.php?rest_route=%2Fwp%2Fv2%2Fcomments&post=467"}],"version-history":[{"count":3,"href":"https:\/\/mac.advise.fr\/index.php?rest_route=\/wp\/v2\/pages\/467\/revisions"}],"predecessor-version":[{"id":507,"href":"https:\/\/mac.advise.fr\/index.php?rest_route=\/wp\/v2\/pages\/467\/revisions\/507"}],"wp:featuredmedia":[{"embeddable":true,"href":"https:\/\/mac.advise.fr\/index.php?rest_route=\/wp\/v2\/media\/505"}],"wp:attachment":[{"href":"https:\/\/mac.advise.fr\/index.php?rest_route=%2Fwp%2Fv2%2Fmedia&parent=467"}],"curies":[{"name":"wp","href":"https:\/\/api.w.org\/{rel}","templated":true}]}}