{"id":181,"date":"2023-11-23T17:04:19","date_gmt":"2023-11-23T16:04:19","guid":{"rendered":"https:\/\/mac.advise.fr\/?page_id=181"},"modified":"2023-12-21T10:11:35","modified_gmt":"2023-12-21T09:11:35","slug":"mentions-legales","status":"publish","type":"page","link":"https:\/\/mac.advise.fr\/?page_id=181","title":{"rendered":"mentions l\u00e9gales"},"content":{"rendered":"\n<p>Le site et le nom de domaine mac.fr est \u00e9dit\u00e9 par Ludovic Morin, entrepreneur individuel enregistr\u00e9 \u00e0 la chambre des m\u00e9tiers et de l\u2019Artisanat Provence-Alpes-C\u00f4te-d&rsquo;Azur sous le num\u00e9ro SIRET 94755237800012. <\/p>\n\n\n\n<p>Ludovic Morin <br>741 route des Valbonnettes <br>84420 Piolenc <\/p>\n\n\n\n<p>Le responsable de la publication est Ludovic Morin. <\/p>\n\n\n\n<p><strong>Cr\u00e9ation du site internet : <\/strong><\/p>\n\n\n\n<p>Advise Communication <br>Les Bureaux des Trois Fontaines <br>BP 1025 <br>95003 Cergy<br>01 34 20 02 20<br>info@advise.fr <\/p>\n\n\n\n<p><strong>H\u00e9bergement <\/strong>: <\/p>\n\n\n\n<p>IONOS SARL <br>7, place de la Gare<br>BP 70109<br>57200 Sarreguemines Cedex<br>0970 808 911<br>info@cloud.ionos.de<\/p>\n\n\n\n<p><strong>Propri\u00e9t\u00e9 intellectuelle :<\/strong><\/p>\n\n\n\n<p>L&rsquo;ensemble de ce site rel\u00e8ve de la l\u00e9gislation fran\u00e7aise et internationale sur le droit d&rsquo;auteur et la propri\u00e9t\u00e9 intellectuelle. Tous les droits de reproduction sont r\u00e9serv\u00e9s, y compris les repr\u00e9sentations iconographiques et photographiques. La reproduction, adaptation et\/ou traduction de tout ou partie de ce site sur un support quel qu&rsquo;il soit, est formellement interdite sauf autorisation expresse du directeur de la publication.<\/p>\n\n\n\n<p><strong>Protection des donn\u00e9es personnelles :<\/strong><\/p>\n\n\n\n<p>Les donn\u00e9es personnelles collect\u00e9es sur ce site sont utilis\u00e9es uniquement dans le cadre de la relation commerciale \u00e9tablie avec ses utilisateurs. Conform\u00e9ment \u00e0 la loi Informatique et Libert\u00e9s du 6 janvier 1978, vous disposez d&rsquo;un droit d&rsquo;acc\u00e8s, de rectification et de suppression des donn\u00e9es vous concernant, que vous pouvez exercer en nous contactant \u00e0 l&rsquo;adresse <a href=\"mailto:macmetallerie@gmail.com\">macmetallerie@gmail.com<\/a>.<\/p>\n\n\n\n<div style=\"height:100px\" aria-hidden=\"true\" class=\"wp-block-spacer\"><\/div>\n","protected":false},"excerpt":{"rendered":"<p>Le site et le nom de domaine mac.fr est \u00e9dit\u00e9 par Ludovic Morin, entrepreneur individuel enregistr\u00e9 \u00e0 la chambre des m\u00e9tiers et de l\u2019Artisanat Provence-Alpes-C\u00f4te-d&rsquo;Azur sous le num\u00e9ro SIRET 94755237800012. Ludovic Morin 741 route des Valbonnettes 84420 Piolenc Le responsable de la publication est Ludovic Morin. Cr\u00e9ation du site internet : Advise Communication Les Bureaux [&hellip;]<\/p>\n","protected":false},"author":1,"featured_media":0,"parent":0,"menu_order":0,"comment_status":"closed","ping_status":"closed","template":"","meta":{"footnotes":""},"class_list":["post-181","page","type-page","status-publish","hentry"],"_links":{"self":[{"href":"https:\/\/mac.advise.fr\/index.php?rest_route=\/wp\/v2\/pages\/181","targetHints":{"allow":["GET"]}}],"collection":[{"href":"https:\/\/mac.advise.fr\/index.php?rest_route=\/wp\/v2\/pages"}],"about":[{"href":"https:\/\/mac.advise.fr\/index.php?rest_route=\/wp\/v2\/types\/page"}],"author":[{"embeddable":true,"href":"https:\/\/mac.advise.fr\/index.php?rest_route=\/wp\/v2\/users\/1"}],"replies":[{"embeddable":true,"href":"https:\/\/mac.advise.fr\/index.php?rest_route=%2Fwp%2Fv2%2Fcomments&post=181"}],"version-history":[{"count":7,"href":"https:\/\/mac.advise.fr\/index.php?rest_route=\/wp\/v2\/pages\/181\/revisions"}],"predecessor-version":[{"id":493,"href":"https:\/\/mac.advise.fr\/index.php?rest_route=\/wp\/v2\/pages\/181\/revisions\/493"}],"wp:attachment":[{"href":"https:\/\/mac.advise.fr\/index.php?rest_route=%2Fwp%2Fv2%2Fmedia&parent=181"}],"curies":[{"name":"wp","href":"https:\/\/api.w.org\/{rel}","templated":true}]}}